{"id":1566,"date":"2022-11-11T16:09:31","date_gmt":"2022-11-11T15:09:31","guid":{"rendered":"https:\/\/lewebpedagogique.com\/btscss76\/?page_id=1566"},"modified":"2022-11-11T16:09:31","modified_gmt":"2022-11-11T15:09:31","slug":"labecedaire-de-gilles-deleuze-v-comme-voyage","status":"publish","type":"page","link":"https:\/\/btstourisme.jfguillou.fr\/index.php\/labecedaire-de-gilles-deleuze-v-comme-voyage\/","title":{"rendered":"L&rsquo;Ab\u00e9c\u00e9daire de Gilles DELEUZE : V comme voyage"},"content":{"rendered":"\n<figure class=\"wp-block-embed is-type-video is-provider-youtube wp-block-embed-youtube wp-embed-aspect-16-9 wp-has-aspect-ratio\"><div class=\"wp-block-embed__wrapper\">\n<iframe loading=\"lazy\" title=\"L&#039;Ab\u00e9c\u00e9daire de GILLES DELEUZE: V comme Voyage  (HD)\" width=\"600\" height=\"338\" src=\"https:\/\/www.youtube.com\/embed\/ZDLpPIWP60o?list=PLiR8NqajHNPbaX2rBoA2z6IPGpU0IPlS2\" frameborder=\"0\" allow=\"accelerometer; autoplay; clipboard-write; encrypted-media; gyroscope; picture-in-picture\" allowfullscreen><\/iframe>\n<\/div><figcaption>L&rsquo;Ab\u00e9c\u00e9daire de Gilles Deleuze est un documentaire fran\u00e7ais produit par Pierre-Andr\u00e9 Boutang tourn\u00e9 entre 1988 et 1989, qui consiste en une s\u00e9rie d&rsquo;entretiens entre le philosophe et Claire Parnet.<\/figcaption><\/figure>\n","protected":false},"excerpt":{"rendered":"","protected":false},"author":1,"featured_media":0,"parent":0,"menu_order":0,"comment_status":"closed","ping_status":"closed","template":"","meta":[],"_links":{"self":[{"href":"https:\/\/btstourisme.jfguillou.fr\/index.php\/wp-json\/wp\/v2\/pages\/1566"}],"collection":[{"href":"https:\/\/btstourisme.jfguillou.fr\/index.php\/wp-json\/wp\/v2\/pages"}],"about":[{"href":"https:\/\/btstourisme.jfguillou.fr\/index.php\/wp-json\/wp\/v2\/types\/page"}],"author":[{"embeddable":true,"href":"https:\/\/btstourisme.jfguillou.fr\/index.php\/wp-json\/wp\/v2\/users\/1"}],"replies":[{"embeddable":true,"href":"https:\/\/btstourisme.jfguillou.fr\/index.php\/wp-json\/wp\/v2\/comments?post=1566"}],"version-history":[{"count":0,"href":"https:\/\/btstourisme.jfguillou.fr\/index.php\/wp-json\/wp\/v2\/pages\/1566\/revisions"}],"wp:attachment":[{"href":"https:\/\/btstourisme.jfguillou.fr\/index.php\/wp-json\/wp\/v2\/media?parent=1566"}],"curies":[{"name":"wp","href":"https:\/\/api.w.org\/{rel}","templated":true}]}}

L&rsquo;Abécédaire de Gilles DELEUZE : V comme voyage

<figure class="wp-block-embed is-type-video is-provider-youtube wp-block-embed-youtube wp-embed-aspect-16-9 wp-has-aspect-ratio"><div class="wp-block-embed__wrapper">
<iframe loading="lazy" title="L&#039;Abécédaire de GILLES DELEUZE: V comme Voyage  (HD)" width="600" height="338" src="https://www.youtube.com/embed/ZDLpPIWP60o?list=PLiR8NqajHNPbaX2rBoA2z6IPGpU0IPlS2" frameborder="0" allow="accelerometer; autoplay; clipboard-write; encrypted-media; gyroscope; picture-in-picture" allowfullscreen></iframe>
</div><figcaption>L&rsquo;Abécédaire de Gilles Deleuze est un documentaire français produit par Pierre-André Boutang tourné entre 1988 et 1989, qui consiste en une série d&rsquo;entretiens entre le philosophe et Claire Parnet.</figcaption></figure>
